{"id":4,"date":"2013-02-10T10:02:05","date_gmt":"2013-02-10T10:02:05","guid":{"rendered":"http:\/\/liceodiocesano.ch\/www\/?page_id=4"},"modified":"2017-09-26T13:10:12","modified_gmt":"2017-09-26T13:10:12","slug":"presentazione","status":"publish","type":"page","link":"https:\/\/liceodiocesano.ch\/www\/?page_id=4","title":{"rendered":"Presentazione"},"content":{"rendered":"<h5><strong>Per una formazione globale dello studente<\/strong><\/h5>\n<p>Il liceo diocesano di Breganzona-Lugano \u00e8 stato fondato nel 1987 dall\u2019allora Vescovo di Lugano mons. Eugenio Corecco.<\/p>\n<p>Al termine della\u00a0\u00a0terza e della quarta liceo i suoi studenti sono presentati all\u2019Esame di Maturit\u00e0 Svizzera (gi\u00e0 Maturit\u00e0 federale). La Maturit\u00e0 svizzera garantisce l\u2019accesso a tutte le Facolt\u00e0 di Politecnici ed Universit\u00e0 in Svizzera e all&#8217;estero.<\/p>\n<p>Agli indirizzi tradizionali (classico, letterario, linguistico, scientifico, economico e scientifico) si sono affiancati negli ultimi anni anche quello musicale e quello artistico. \u00c8 inoltre previsto un percorso particolare per sportivi d\u2019\u00e9lite.<\/p>\n<p>Scuola cattolica, il Liceo diocesano si propone di offrire ai suoi allievi una solida formazione unita a capacit\u00e0 critica, con lo scopo di aiutare ognuno a scoprire le proprie capacit\u00e0 e propensioni.<\/p>\n<p><a href=\"http:\/\/liceodiocesano.ch\/www\/wp-content\/uploads\/2013\/02\/ritaglio.jpg\"><img loading=\"lazy\" decoding=\"async\" class=\"size-full wp-image-312 alignnone\" src=\"http:\/\/liceodiocesano.ch\/www\/wp-content\/uploads\/2013\/02\/ritaglio.jpg\" alt=\"ritaglio\" width=\"500\" height=\"120\" srcset=\"https:\/\/liceodiocesano.ch\/www\/wp-content\/uploads\/2013\/02\/ritaglio.jpg 500w, https:\/\/liceodiocesano.ch\/www\/wp-content\/uploads\/2013\/02\/ritaglio-300x72.jpg 300w\" sizes=\"auto, (max-width: 500px) 100vw, 500px\" \/><\/a><\/p>\n","protected":false},"excerpt":{"rendered":"<p>Per una formazione globale dello studente Il liceo diocesano di Breganzona-Lugano \u00e8 stato fondato nel 1987 dall\u2019allora Vescovo di Lugano mons. Eugenio Corecco. Al termine della\u00a0\u00a0terza e della quarta liceo i suoi studenti sono presentati all\u2019Esame di Maturit\u00e0 Svizzera (gi\u00e0 Maturit\u00e0 federale). La Maturit\u00e0 svizzera garantisce l\u2019accesso a tutte le Facolt\u00e0 di Politecnici ed Universit\u00e0 [&hellip;]<\/p>\n","protected":false},"author":1,"featured_media":312,"parent":28,"menu_order":42,"comment_status":"closed","ping_status":"open","template":"","meta":{"footnotes":""},"class_list":["post-4","page","type-page","status-publish","has-post-thumbnail","hentry"],"_links":{"self":[{"href":"https:\/\/liceodiocesano.ch\/www\/index.php?rest_route=\/wp\/v2\/pages\/4","targetHints":{"allow":["GET"]}}],"collection":[{"href":"https:\/\/liceodiocesano.ch\/www\/index.php?rest_route=\/wp\/v2\/pages"}],"about":[{"href":"https:\/\/liceodiocesano.ch\/www\/index.php?rest_route=\/wp\/v2\/types\/page"}],"author":[{"embeddable":true,"href":"https:\/\/liceodiocesano.ch\/www\/index.php?rest_route=\/wp\/v2\/users\/1"}],"replies":[{"embeddable":true,"href":"https:\/\/liceodiocesano.ch\/www\/index.php?rest_route=%2Fwp%2Fv2%2Fcomments&post=4"}],"version-history":[{"count":13,"href":"https:\/\/liceodiocesano.ch\/www\/index.php?rest_route=\/wp\/v2\/pages\/4\/revisions"}],"predecessor-version":[{"id":1541,"href":"https:\/\/liceodiocesano.ch\/www\/index.php?rest_route=\/wp\/v2\/pages\/4\/revisions\/1541"}],"up":[{"embeddable":true,"href":"https:\/\/liceodiocesano.ch\/www\/index.php?rest_route=\/wp\/v2\/pages\/28"}],"wp:featuredmedia":[{"embeddable":true,"href":"https:\/\/liceodiocesano.ch\/www\/index.php?rest_route=\/wp\/v2\/media\/312"}],"wp:attachment":[{"href":"https:\/\/liceodiocesano.ch\/www\/index.php?rest_route=%2Fwp%2Fv2%2Fmedia&parent=4"}],"curies":[{"name":"wp","href":"https:\/\/api.w.org\/{rel}","templated":true}]}}